divide 1064?
False
Is 7880 a multiple of 98?
False
Does 17 divide 4131?
True
Does 79 divide 1896?
True
Is 29 a factor of 377?
True
Is 7 a factor of 2940?
True
Is 554 a multiple of 6?
False
Is 113 a factor of 3729?
True
Is 1995 even?
False
Does 22 divide 5275?
False
Is 137 a multiple of 37?
False
Is 691 a multiple of 3?
False
Is 9 a factor of 1284?
False
Is 430 a multiple of 43?
True
Does 18 divide 306?
True
Is 45 a factor of 3602?
False
Is 384 a multiple of 48?
True
Is 7 a factor of 2121?
True
Does 3 divide 5881?
False
Is 64 a factor of 41972?
False
Is 9 a factor of 13770?
True
Does 35 divide 455?
True
Is 117143 a multiple of 27?
False
Is 50 a factor of 1983?
False
Does 86 divide 87321?
False
Is 76 a multiple of 76?
True
Is 12 a factor of 53981?
False
Is 9 a factor of 65031?
False
Is 18 a factor of 1548?
True
Is 870 a multiple of 6?
True
Does 2 divide 15825?
False
Does 14 divide 10460?
False
Is 20533 a multiple of 82?
False
Is 985 a multiple of 7?
False
Is 453 a multiple of 6?
False
Does 186 divide 4902?
False
Is 4 a factor of 4108?
True
Does 44 divide 3960?
True
Does 7 divide 560?
True
Is 7710 a multiple of 30?
True
Is 48 a factor of 730?
False
Is 13 a factor of 1359?
False
Is 29 a multiple of 8?
False
Is 82 a factor of 1558?
True
Does 9 divide 9374?
False
Does 7 divide 931?
True
Is 62 a factor of 7068?
True
Does 376 divide 66176?
True
Is 20907 a multiple of 3?
True
Is 70 a multiple of 4?
False
Does 27 divide 378?
True
Does 5 divide 8106?
False
Is 815 a multiple of 5?
True
Is 90 a factor of 39330?
True
Is 23917 a multiple of 142?
False
Is 2079 a multiple of 21?
True
Is 370 a multiple of 10?
True
Is 54 a factor of 648?
True
Does 9 divide 36270?
True
Does 94 divide 12314?
True
Is 31 a factor of 7626?
True
Is 5 a factor of 6219?
False
Is 8 a multiple of 8?
True
Is 39 a factor of 556?
False
Is 23 a factor of 92?
True
Is 4123 a multiple of 133?
True
Is 21 a factor of 7875?
True
Does 31 divide 17422?
True
Is 49 a factor of 1470?
True
Does 46 divide 887?
False
Does 206 divide 52050?
False
Is 5487 a multiple of 177?
True
Is 5 a factor of 185?
True
Is 6675 a multiple of 2?
False
Does 222 divide 9187?
False
Does 56 divide 7878?
False
Is 14 a factor of 4480?
True
Is 73 a factor of 29054?
True
Does 23 divide 621?
True
Does 92 divide 4088?
False
Is 2730 a multiple of 7?
True
Is 27 a factor of 129384?
True
Does 84 divide 8316?
True
Does 8 divide 3912?
True
Does 3 divide 57?
True
Is 34999 a multiple of 24?
False
Is 50 a factor of 2200?
True
Is 314 a factor of 68722?
False
Is 17 a factor of 413?
False
Is 82 a factor of 7380?
True
Is 15 a factor of 645?
True
Is 29502 a multiple of 83?
False
Does 6 divide 811?
False
Is 5643 a multiple of 27?
True
Is 28 a factor of 4312?
True
Is 1122 a multiple of 33?
True
Does 158 divide 14694?
True
Is 5020 a multiple of 22?
False
Is 281 a factor of 35968?
True
Is 165 a multiple of 5?
True
Is 2744 a multiple of 49?
True
Does 9 divide 199?
False
Does 9 divide 15705?
True
Does 102 divide 17887?
False
Is 16137 a multiple of 55?
False
Is 312 a multiple of 26?
True
Does 46 divide 1606?
False
Is 51 a factor of 2754?
True
Is 8528 a multiple of 64?
False
Is 1110 a multiple of 45?
False
Does 25 divide 8145?
False
Is 33 a factor of 792?
True
Is 53946 a multiple of 44?
False
Is 10 a factor of 8249?
False
Is 14 a factor of 557?
False
Is 55 a multiple of 5?
True
Is 1258 a multiple of 37?
True
Does 82 divide 3996?
False
Is 5 a factor of 50?
True
Is 467 a multiple of 14?
False
Is 6 a factor of 211?
False
Is 210 a multiple of 5?
True
Is 594 a multiple of 33?
True
Does 32 divide 5673?
False
Is 10 a factor of 27920?
True
Does 3 divide 7254?
True
Does 6 divide 360?
True
Does 23 divide 28134?
False
Is 11 a factor of 550?
True
Is 715 a multiple of 55?
True
Is 3360 a multiple of 84?
True
Does 104 divide 3198?
False
Does 22 divide 2009?
False
Is 91155 a multiple of 295?
True
Does 86 divide 2666?
True
Does 39 divide 702?
True
Is 22 a factor of 1298?
True
Is 8 a factor of 464?
True
Is 46502 a multiple of 23?
False
Is 4 a factor of 489?
False
Is 30 a factor of 4320?
True
Does 28 divide 1848?
True
Is 32 a factor of 54?
False
Is 18 a factor of 249?
False
Is 34 a factor of 578?
True
Is 3528 a multiple of 6?
True
Is 6884 a multiple of 25?
False
Does 292 divide 40588?
True
Is 94 a factor of 1175?
False
Is 117 a factor of 13104?
True
Is 2 a factor of 44?
True
Is 3 a factor of 286?
False
Is 11 a factor of 2200?
True
Is 79 a multiple of 2?
False
Is 9 a factor of 1089?
True
Does 152 divide 11704?
True
Is 404 a multiple of 3?
False
Is 150 a factor of 1554?
False
Is 75 a factor of 6300?
True
Is 7 a factor of 922?
False
Does 80 divide 2400?
True
Is 25 a factor of 86873?
False
Is 14 a factor of 1498?
True
Does 56 divide 2856?
True
Is 47 a factor of 4158?
False
Is 2125 a multiple of 8?
False
Is 3750 a multiple of 8?
False
Is 2600 even?
True
Does 31 divide 1155?
False
Does 4 divide 456?
True
Is 19 a factor of 23?
False
Is 22 a factor of 32340?
True
Does 170 divide 3740?
True
Is 117 a factor of 3276?
True
Is 974 a multiple of 4?
False
Is 13244 a multiple of 11?
True
Does 2 divide 317?
False
Is 1897 a multiple of 99?
False
Is 106 a factor of 2544?
True
Is 648 a multiple of 14?
False
Is 549 a multiple of 28?
False
Does 30 divide 354?
False
Does 54 divide 2520?
False
Is 634 a multiple of 24?
False
Is 55 a multiple of 18?
False
Is 37988 a multiple of 117?
False
Is 703 a multiple of 19?
True
Does 5 divide 1371?
False
Is 4 a factor of 1248?
True
Is 18 a factor of 514?
False
Is 33 a factor of 98?
False
Does 14 divide 1719?
False
Is 9531 a multiple of 9?
True
Is 184 a multiple of 23?
True
Does 33 divide 4357?
False
Does 267 divide 38181?
True
Is 14602 a multiple of 9?
False
Does 40 divide 17237?
False
Does 11 divide 128?
False
Is 24192 a multiple of 108?
True
Is 864 a multiple of 32?
True
Is 35721 a multiple of 98?
False
Does 49 divide 1418?
False
Is 974 a multiple of 10?
False
Is 50 a factor of 3950?
True
Is 39399 a multiple of 115?
False
Is 1778 a multiple of 3?
False
Is 20 a factor of 49?
False
Is 1064 a multiple of 19?
True
Does 6 divide 46?
False
Is 96 a multiple of 3?
True
Is 44 a factor of 82907?
False
Is 11 a factor of 2541?
True
Is 16 a factor of 1730?
False
Is 42 a factor of 1064?
False
Is 10 a factor of 110?
True
Does 2 divide 184?
True
Is 39 a multiple of 13?
True
Does 75 divide 1575?
True
Is 199 a factor of 3703?
False
Is 20064 a multiple of 114?
True
Does 82 divide 468?
False
Is 12 a factor of 568?
False
Is 44778 a multiple of 34?
True
Is 12 a factor of 257?
False
Does 14 divide 24741?
False
Does 13 divide 1090?
False
Is 25846 a multiple of 11?
False
Is 630 a multiple of 18?
True
Is 14 a factor of 490?
True
Does 3 divide 12840?
True
Is 19 a factor of 456?
True
Is 187 a factor of 74152?
False
Is 5 a factor of 2691?
False
Is 3734 a multiple of 69?
False
Is 13260 a multiple of 130?
True
Is 19129 a multiple of 37?
True
Is 770 a multiple of 43?
False
Is 217 a factor of 36744?
False
Does 22 divide 10892?
False
Is 2133 a multiple of 58?
False
Is 15 a factor of 784?
False
Does 52 divide 7228?
True
Does 45 divide 9927?
False
Does 16 divide 483?
False
Is 13111 a multiple of 113?
False
Is 14 a factor of 7205?
False
Is 12 a factor of 769?
False
Is 2207 a multiple of 13?
False
Is 1513 a multiple of 26?
False
Is 97 a multiple of 2?
False
Is 812 a multiple of 28?
True
Does 31 divide 7086?
False
Is 4903 a multiple of 156?
False
Does 16 divide 9184?
True
Does 7 divide 121?
False
Does 5 divide 286?
False
Does 22 divide 8206?
True
Is 327 a multiple of 11?
False
Is 104 a factor of 10608?
True
Is 634 a multiple of 2?
True
Is 23 a factor of 552?
True
Does 7 divide 1820?
True
Does 31 divide 726?
False
Does 75 divide 18825?
True
Is 88 a factor of 5846?
False
Is 25205 a multiple of 71?
True
Is 37788 a multiple of 12?
True
Is 4 a factor of 259?
False
Does 47 divide 13597?
False
Is 5060 a multiple of 20?
True
Does 24 divide 672?
True
Does 13 divide 27100?
False
Does 5 divide 5855?
True
Does 121 divide 6655?
True
Is 13 a factor of 47776?
False
Is 6948 a multiple of 11?
False
Does 37 divide 777?
True
Does 10 divide 1350?
True
Is 36 a factor of 5983?
False
Does 20 divide 13060?
True
Is 3036 a multiple of 6?
True
Does 48 divide 8894?
False
Is 46 a factor of 47?
False
Is 11 a factor of 16